*g - 81 = g - h, h - p = -4*g. Calculate the remainder when 45 is divided by g.
17
Let n(c) = c + 2. Let b = 82 + -79. Suppose -3*p - 16 = -b*u + 65, -4*u + 96 = -p. Calculate the remainder when n(u) is divided by 10.
5
Let b = -115 + 111. Let m be b - 4/(8/(-3718)). What is the remainder when m/28 - (-3)/(-12) is divided by 10?
6
Suppose 0 = 10*u - 2*u - 1552. Let v = u + -100. What is the remainder when 52 is divided by v/21*3 + 52/91?
10
Let m = 30 - 21. Suppose y - m = 2*u, -4*y - 2*u = -y + 5. Suppose 5*i = -4*x + 40, 0 = -4*i + 2*x + x + y. Calculate the remainder when 19 is divided by i.
3
Calculate the remainder when 651 is divided by -1 + 4/5 - 8412/(-60).
91
Let q be ((-1746)/24 - 2)/((-1)/(-4)). Let o = -254 - q. Calculate the remainder when o is divided by 32.
13
Let k = -2406 - -2420. Let r = -10 + 31. What is the remainder when r is divided by k?
7
Calculate the remainder when 593 is divided by 170 - 177 - (3 - (-645)/(-3)).
183
Calculate the remainder when 204/765 - (-4758)/45 is divided by 19.
11
Calculate the remainder when (781/(-4))/(1260/(-96) + 13) is divided by 68.
66
Let q(a) = -5*a + 117. Let f be q(22). Suppose -f*x + 1848 = 15*x. Calculate the remainder when x is divided by 31.
22
Let h(c) = 3*c**2 - 87*c + 768. Calculate the remainder when h(8) is divided by 130.
4
Suppose 925*x + 11153 = 1159*x - 7567. Let r = 29 + 120. Calculate the remainder when r is divided by x.
69
Suppose -5*c + 115 + 65 = 0. What is the remainder when (-6)/c*-4 + (-428)/(-6) is divided by 15?
12
Let w = 6 - -1. Let a(h) = h**2 + 16*h + 18. Let k be a(-16). Calculate the remainder when (k/5)/(12/80) is divided by w.
3
Suppose -912 = -32*w + 6160. Let c = w - 217. Calculate the remainder when 72 is divided by c.
0
Suppose -2*b + 40*r + 15230 = 42*r, -2*b + 5*r = -15286. What is the remainder when b is divided by 36?
27
Suppose 6*n - 4*m + 39 = 7*n, -133 = -3*n - 4*m. Suppose 0 = -9*x + n + 214. Calculate the remainder when 171 is divided by x.
26
Let g(a) = 13*a**3 + 2*a - 25. Let d(y) = -30*y**3 - y**2 - 5*y + 51. Let v(z) = -3*d(z) - 7*g(z). Calculate the remainder when 19 is divided by v(4).
9
Let v = 31123 + -26240. What is the remainder when v is divided by 30?
23
Let h = -5832 + 6710. What is the remainder when h is divided by 877?
1
Let o = -18675 + 18687. What is the remainder when (-268)/(-6) - (-1)/3 is divided by o?
9
Calculate the remainder when -12 - 3748*1/(-1) is divided by 44.
40
Let p = -3 + 8. Suppose 0 = -p*n - 5*z - 204 + 539, 4*n = 3*z + 275. What is the remainder when n is divided by 12?
8
Let s = -237 - -355. Let j be ((-95)/(-5)*7)/1. Suppose j = -o + 153. What is the remainder when s is divided by o?
18
Suppose -f - 28 = -33. Suppose 2*i = -z + 65 + 19, -f*i + 4*z = -210. Calculate the remainder when 87 is divided by i.
3
Let h be 9 + ((-5272)/(-2))/4. Let m = h + -640. Calculate the remainder when 69 is divided by m.
13
Suppose -n - 91*u = -87*u - 237, 4*u = 5*n - 1041. Calculate the remainder when 278 is divided by n.
65
Suppose 5*h - 1055 = 1152*q - 1147*q, 0 = 3*q + 18. Calculate the remainder when 208 is divided by h.
3
Suppose 9*y + 2 = 7*y. Let o be (21/y)/(-1) + (-3)/1. What is the remainder when 3 - (o/(-1))/2 is divided by 8?
4
Suppose 3075 = 5*y + 5*i, 5*y - 1597*i = -1596*i + 3051. Calculate the remainder when y is divided by 45.
26
Calculate the remainder when -1*1 + (-244986)/(-133) is divided by 97.
95
What is the remainder when 331 is divided by 40/740 - 11528/(-296)?
19
Suppose -x - 191 = -5*x + 5*s, 0 = 2*x + 5*s - 73. Let c = x + -42. Suppose -c*b + 74 + 6 = -3*v, -b + 50 = v. Calculate the remainder when 89 is divided by b.
43
Let q(l) = -2*l**3 + 19*l**2 + 10*l + 16. Let r be q(10). Suppose -44*j + 42*j = -r. What is the remainder when 23 is divided by j?
7
Suppose 43*i - 4*h = 45*i - 12, 2*h = 6. Suppose -36*f - 16 + 124 = i. Suppose 5*q = 2*q + 51. Calculate the remainder when q is divided by f.
2
Suppose n + 5*m - 161 = 0, -2*m + 292 + 178 = 3*n. Suppose 3*p - 5*j = 331 + n, 3*j + 324 = 2*p. Let v = 31 + 9. Calculate the remainder when p is divided by v.
39
Let q(p) = -392*p - 1103. Calculate the remainder when q(-5) is divided by 172.
169
Let q = 193 - 51. Calculate the remainder when q is divided by (-4 - -3)*4/(3*3*9/(-162)).
6
Suppose 5*b + 3*s = -145, b + 4*s + 108 = -3*b. Let n = -1800 - -1803. What is the remainder when b*(3/6 - 1) is divided by n?
1
Let i(v) = -v**3 + 9*v**2 + 6*v - 91. Calculate the remainder when 5633 is divided by i(7).
47
Suppose 0*b - 3*b + 171 = 3*c, -3*c = -5*b + 293. Let i = b + 38. What is the remainder when i is divided by 18/(-8)*(4 - 8)?
6
Suppose 785*h = 788*h - 5*x - 2211, -3*h - 5*x = -2271. What is the remainder when h is divided by 44?
43
Suppose 24 - 86 = 4*y + 3*q, 5*y = 2*q - 66. Calculate the remainder when 92 is divided by 16 - (-7)/(y/4).
8
Suppose 5*p + 2*v = 8896 + 3760, 5*v + 7606 = 3*p. What is the remainder when p is divided by 318?
306
Let i be 1 + 7 - (-4 + 10). Suppose -i + 26 = 3*a. Calculate the remainder when 61 is divided by a.
5
Suppose 0 = -r + 21*r - 100. Suppose -3*n = -7*n + 5*z + 49, r = 5*n + 5*z. Calculate the remainder when 45 is divided by n.
3
Suppose 162*b = 69*b + 21855. Calculate the remainder when b is divided by 26.
1
Suppose -132*w + 14377 = -79*w - 37510. Calculate the remainder when w is divided by 62.
49
What is the remainder when 5520 is divided by 52/(-4) + 3 - (-1216)/64?
3
Let z(y) = -303*y - 2653. What is the remainder when 1971 is divided by z(-9)?
47
Calculate the remainder when 246 is divided by 6/54 + 2380/126.
18
Calculate the remainder when (-2)/(-6) + (-1)/(-3) + 1513680/477 is divided by 25.
24
Let l = 123313 - 123306. Suppose 3*j = -4*a - 12, 0 = -a - 2*j + 2. Let m = 8 - a. Calculate the remainder when m is divided by l.
0
Suppose 4*c + 41*j - 8752 = 43*j, -5*c + 4*j = -10940. What is the remainder when c is divided by 30?
28
Let i = 3763 + 5688. Calculate the remainder when i is divided by 68.
67
Let z be (-4)/16 - (-2 - (-3022)/8). Let l = z + 549. Suppose -2*x + 43 = -4*q - l, -q + 477 = 4*x. What is the remainder when x is divided by 15?
13
Let t be 13 + (-15)/(-2)*(-16)/(-24). Suppose 218 + 718 = t*k. Calculate the remainder when 153 is divided by k.
49
Let t(h) = -14*h + 68. Let x be t(4). Suppose -x*y + 263 + 229 = 0. What is the remainder when 244 is divided by y?
39
Suppose -13*y + 11557 = -9334. Let n = -819 + y. What is the remainder when n is divided by 113?
110
Let b(x) = 3*x - 29. Let t(i) = i**2 - 11*i + 115. Let g(k) = -9*b(k) - 2*t(k). What is the remainder when 182 is divided by g(0)?
27
What is the remainder when 17/(21/18417 + 0) is divided by 16?
13
What is the remainder when 363 is divided by ((-527)/(-68) - 4)/(1/20)?
63
Let z = 108 - 114. Calculate the remainder when 82 is divided by (1932/(-345))/((z/(-10))/(-3)).
26
Let w = 343 - 327. Suppose -10*z + w*z - 42 = 0. What is the remainder when 117 is divided by z?
5
Suppose 5*c + 6*z - 1354 = 9*z, 0 = -5*c + z + 1358. Calculate the remainder when c is divided by 29.
11
Let v = -4881 - -4944. Let i(o) = -3*o**3 + 4*o + 3. What is the remainder when i(-6) is divided by v?
60
Let o = -82 + 82. Suppose o = -10*h + 9*h + 81. Suppose h*r + 188 = 85*r. What is the remainder when r is divided by 10?
7
Let y be (-28)/3 + 10 - (-32)/6. Suppose -2*k - 8 = 0, j - 4*k - 11 = y. Suppose -20 = -4*t - 0*t. What is the remainder when t is divided by j?
0
Let q(i) = i**2 - 11*i - 23. Let w be q(13). Suppose 3*f + 0*d = w*d - 18, -8 = -2*d. Let p = 1 - f. What is the remainder when 14 is divided by p?
2
Let g = -163 + 195. What is the remainder when (2115/25)/((-3)/(-5)) is divided by g?
13
Let g be (-82)/(-123) - (-22)/(-6). What is the remainder when 203 is divided by (g + 4 - -28) + 5?
33
Let z be 22/385*-5 - 2524/(-14). Let f = 106 + z. Calculate the remainder when f is divided by 32.
30
Let q(w) = -w**3 + 5*w**2 + w + 5. Let h be q(5). Suppose 14*r - 2328 = -h*r. Calculate the remainder when r is divided by (-15)/(0 + 9/(-12)).
17
Let i = -6215 + 6228. Calculate the remainder when (3685/22)/(1/2) is divided by i.
10
Let v be (249/9)/((-4)/12). Let b = 130 - v. What is the remainder when b is divided by 31?
27
Let o(w) = -2*w**3 - 31*w**2 +